 284858 is divided by 31?
30
Calculate the remainder when 161875 is divided by 58.
55
What is the remainder when 2163 is divided by 388?
223
Calculate the remainder when 1252443 is divided by 35784.
3
Calculate the remainder when 234643 is divided by 95.
88
Calculate the remainder when 36574 is divided by 275.
274
Calculate the remainder when 20195 is divided by 2575.
2170
Calculate the remainder when 110150 is divided by 196.
194
What is the remainder when 339856 is divided by 329?
328
Calculate the remainder when 10782201 is divided by 31.
29
Calculate the remainder when 214666 is divided by 134.
132
Calculate the remainder when 16365 is divided by 3240.
165
What is the remainder when 34056 is divided by 291?
9
Calculate the remainder when 9689 is divided by 3228.
5
What is the remainder when 1751 is divided by 37?
12
What is the remainder when 5556 is divided by 6?
0
Calculate the remainder when 14499 is divided by 328.
67
What is the remainder when 19997 is divided by 9995?
7
Calculate the remainder when 4808 is divided by 679.
55
Calculate the remainder when 32933 is divided by 1178.
1127
Calculate the remainder when 1955 is divided by 59.
8
Calculate the remainder when 2754 is divided by 1333.
88
Calculate the remainder when 237163 is divided by 38.
5
What is the remainder when 77445 is divided by 25?
20
Calculate the remainder when 1861877 is divided by 712.
709
Calculate the remainder when 77932 is divided by 65.
62
Calculate the remainder when 1403 is divided by 37.
34
Calculate the remainder when 432232 is divided by 354.
352
Calculate the remainder when 1060 is divided by 1049.
11
Calculate the remainder when 102429 is divided by 26.
15
Calculate the remainder when 4993 is divided by 62.
33
Calculate the remainder when 1083749 is divided by 30.
29
What is the remainder when 13971 is divided by 144?
3
Calculate the remainder when 36956 is divided by 1368.
20
What is the remainder when 39205 is divided by 1886?
1485
What is the remainder when 6602 is divided by 600?
2
Calculate the remainder when 494513 is divided by 6.
5
What is the remainder when 2208 is divided by 546?
24
Calculate the remainder when 305054 is divided by 112.
78
What is the remainder when 10043352 is divided by 21?
18
Calculate the remainder when 584681 is divided by 14.
13
What is the remainder when 2984 is divided by 37?
24
Calculate the remainder when 61784 is divided by 3431.
26
Calculate the remainder when 4050 is divided by 336.
18
What is the remainder when 10097 is divided by 177?
8
Calculate the remainder when 73370 is divided by 147.
17
What is the remainder when 505928 is divided by 56?
24
Calculate the remainder when 417101 is divided by 59.
30
Calculate the remainder when 10735 is divided by 53.
29
Calculate the remainder when 439 is divided by 6.
1
Calculate the remainder when 790 is divided by 321.
148
What is the remainder when 13563 is divided by 932?
515
What is the remainder when 245869 is divided by 122928?
13
Calculate the remainder when 263997 is divided by 64.
61
What is the remainder when 26542 is divided by 2929?
181
What is the remainder when 6920 is divided by 118?
76
Calculate the remainder when 230825 is divided by 13.
10
What is the remainder when 14464 is divided by 4814?
22
Calculate the remainder when 8437 is divided by 2786.
79
What is the remainder when 526215 is divided by 357?
354
What is the remainder when 404 is divided by 34?
30
Calculate the remainder when 22359 is divided by 7451.
6
What is the remainder when 69097 is divided by 282?
7
What is the remainder when 13193 is divided by 18?
17
Calculate the remainder when 7834 is divided by 2435.
529
What is the remainder when 38327 is divided by 1533?
2
Calculate the remainder when 91983 is divided by 5110.
3
What is the remainder when 7332 is divided by 131?
127
What is the remainder when 8250 is divided by 517?
495
Calculate the remainder when 7369 is divided by 2444.
37
What is the remainder when 131484 is divided by 131482?
2
Calculate the remainder when 88377 is divided by 1803.
30
What is the remainder when 1878 is divided by 937?
4
Calculate the remainder when 3565 is divided by 66.
1
What is the remainder when 44973 is divided by 11?
5
What is the remainder when 53367 is divided by 235?
22
Calculate the remainder when 4879 is divided by 18.
1
Calculate the remainder when 47021 is divided by 209.
205
Calculate the remainder when 1740 is divided by 89.
49
What is the remainder when 1089 is divided by 247?
101
Calculate the remainder when 193583 is divided by 327.
326
What is the remainder when 20290 is divided by 99?
94
What is the remainder when 35393 is divided by 2081?
16
Calculate the remainder when 342073 is divided by 68407.
38
What is the remainder when 69188 is divided by 74?
72
What is the remainder when 24759 is divided by 110?
9
Calculate the remainder when 1021 is divided by 244.
45
Calculate the remainder when 651565 is divided by 21.
19
What is the remainder when 45668 is divided by 63?
56
What is the remainder when 5015 is divided by 55?
10
Calculate the remainder when 4501 is divided by 2120.
261
What is the remainder when 881058 is divided by 31?
7
Calculate the remainder when 22797 is divided by 190.
187
What is the remainder when 2698 is divided by 1354?
1344
Calculate the remainder when 48751 is divided by 2031.
7
What is the remainder when 25662 is divided by 216?
174
Calculate the remainder when 10582 is divided by 1312.
86
What is the remainder when 14487 is divided by 207?
204
What is the remainder when 1510 is divided by 270?
160
What is the remainder when 4564 is divided by 455?
14
Calculate the remainder when 46476 is divided by 212.
48
What is the remainder when 2698162 is divided by 1204?
1202
Calculate the remainder when 1955 is divided by 342.
245
What is the remainder when 12138 is divided by 4013?
99
What is the remainder when 47609 is divided by 481?
471
What is the remainder when 497 is divided by 134?
95
Calculate the remainder when 8297 is divided by 218.
13
Calculate the remainder when 5993 is divided by 111.
110
Calculate the remainder when 9685 is divided by 2419.
9
Calculate the remainder when 31405 is divided by 2224.
269
Calculate the remainder when 949 is divided by 348.
253
Calculate the remainder when 1081690 is divided by 557.
553
What is the remainder when 648 is divided by 70?
18
What is the remainder when 61196 is divided by 874?
16
Calculate the remainder when 2320 is divided by 526.
216
Calculate the remainder when 6927 is divided by 13.
11
Calculate the remainder when 1387783 is divided by 105.
103
Calculate the remainder when 145429 is divided by 3930.
19
Calculate the remainder when 2531 is divided by 5.
1
Calculate the remainder when 11342 is divided by 95.
37
What is the remainder when 687845 is divided by 142?
139
What is the remainder when 7133 is divided by 1426?
3
What is the remainder when 2783814 is divided by 130?
124
What is the remainder when 1044 is divided by 1036?
8
Calculate the remainder when 55645 is divided by 702.
187
What is the remainder when 7339 is divided by 832?
683
Calculate the remainder when 9235 is divided by 3077.
4
Calculate the remainder when 9068 is divided by 895.
118
What is the remainder when 596713 is divided by 417?
403
What is the remainder when 13997 is divided by 106?
5
What is the remainder when 3857 is divided by 3847?
10
What is the remainder when 3584 is divided by 199?
2
What is the remainder when 10882 is divided by 495?
487
Calculate the remainder when 1183 is divided by 85.
78
Calculate the remainder when 5577641 is divided by 1922.
1919
What is the remainder when 18152 is divided by 636?
344
What is the remainder when 5621 is divided by 1111?
66
Calculate the remainder when 1265046 is divided by 79.
19
What is the remainder when 80402 is divided by 174?
14
What is the remainder when 1380 is divided by 14?
8
Calculate the remainder when 258122 is divided by 2967.
2960
Calculate the remainder when 33787 is divided by 1779.
1765
Calculate the remainder when 21161 is divided by 76.
33
What is the remainder when 36695 is divided by 16?
7
Calculate the remainder when 40888 is divided by 6.
4
Calculate the remainder when 1621 is divided by 54.
1
Calculate the remainder w